Convert -1544450 (base 13) to base 10.
-6807047
4518 (base 15) to base 8
34470
419361 (base 11) to base 7
5464003
Convert -cd38 (base 16) to base 14.
-15208
What is 74876 (base 11) in base 9?
175287
-576936 (base 11) to base 9
-1646618
-3c4095 (base 13) to base 12
-5a8129
68855 (base 14) to base 10
254091
Convert 11433430 (base 5) to base 12.
52a33
-100100001100101 (base 2) to base 7
-105014
Convert 5a8810 (base 11) to base 15.
140647
11b25b (base 15) to base 9
1531685
What is -12443 (base 5) in base 8?
-1746
-1001011100111101011 (base 2) to base 5
-34402424
Convert -c4817 (base 13) to base 2.
-1010110001001111100
What is 1245234 (base 7) in base 6?
3253133
20461377 (base 8) to base 12
155993b
Convert 4aa45 (base 14) to base 4.
230231111
-5b182 (base 13) to base 6
-3330143
Convert -672601 (base 11) to base 12.
-438586
-6444256 (base 9) to base 5
-1341013330
What is -240127 (base 14) in base 5?
-303321133
2214252 (base 8) to base 11
377984
What is 1001120011210 (base 3) in base 9?
1046153
-1105123 (base 8) to base 15
-5d270
-73743 (base 11) to base 5
-11413444
What is 67541 (base 12) in base 15?
2aa21
What is -1580142 (base 9) in base 4?
-3112222331
Convert 3620732 (base 8) to base 7.
11300162
119cc8 (base 16) to base 3
2011122022221
2110222202210 (base 3) to base 15
1b0a63
What is -25866 (base 13) in base 11?
-48281
What is -617ba0b (base 12) in base 4?
-1011323023223
What is -123002022230 (base 4) in base 5?
-3303234024
What is -94881 (base 10) in base 4?
-113022201
Convert -13090536 (base 10) to base 11.
-7431128
What is -2254215 (base 6) in base 10?
-116291
-10010110111100111 (base 2) to base 10
-77287
-546801 (base 15) to base 6
-222105414
844755 (base 9) to base 8
1724631
-912bd (base 14) to base 16
-55377
209e9 (base 16) to base 7
1064350
What is -34261466 (base 7) in base 13?
-808b41
1757360 (base 9) to base 13
285567
110241302 (base 5) to base 7
4026501
What is 66cc4 (base 14) in base 11?
160494
What is 1c75b (base 13) in base 16?
db78
-431532 (base 11) to base 16
-a87b2
Convert -71067617 (base 8) to base 10.
-14970767
What is 5431544 (base 6) in base 11?
17396a
Convert 78473 (base 13) to base 7.
1566236
Convert -2021460 (base 8) to base 16.
-82330
202012002111 (base 3) to base 8
1410074
Convert 23560548 (base 9) to base 2.
101011110110011110011001
Convert -4dab1 (base 16) to base 5.
-40140004
What is -30310300 (base 4) in base 13?
-1aba8
What is 520350 (base 6) in base 8?
121212
Convert -11221132 (base 5) to base 11.
-6a218
What is -387c2 (base 14) in base 3?
-21001022121
11111001101000101001001 (base 2) to base 12
28a59a1
Convert -10435545 (base 6) to base 10.
-316217
What is -230100402 (base 6) in base 15?
-581792
What is -7947c (base 13) in base 7?
-1605540
What is -17287 (base 13) in base 7?
-243262
What is 13b322b (base 12) in base 3?
21110111102222
-d9938 (base 16) to base 13
-252843
What is 1011110100011010111011 (base 2) in base 3?
12211102001211
What is -18720 (base 9) in base 11?
-9829
What is 35461625 (base 7) in base 5?
1301004124
-222010120202 (base 3) to base 7
-4241423
-96292 (base 14) to base 4
-1120203220
What is -641abc (base 13) in base 10?
-2346044
20210133311 (base 4) to base 14
426a69
What is -100111200101 (base 3) in base 2?
-101101101011110000
Convert 1610806 (base 11) to base 12.
b0954a
What is 1403552 (base 12) in base 11?
2283779
Convert -5246454 (base 7) to base 13.
-192606
Convert -17e7a (base 16) to base 6.
-2033150
What is -659809 (base 10) in base 13?
-1a1427
Convert -14d20b (base 14) to base 8.
-2615013
What is -6c89b (base 13) in base 9?
-333234
-106412134 (base 7) to base 10
-6541084
Convert -210220221012001 (base 3) to base 12.
-3a9a59a
What is 354314 (base 8) in base 7?
1012606
What is 1213551150 (base 6) in base 2?
110101000010001010001010
7606e (base 15) to base 14
9a7c5
What is -2b5cd1 (base 15) in base 16?
-1ff924
What is 20a94 (base 15) in base 4?
121103113
-10101010101101000001100 (base 2) to base 5
-2412443422
What is 1023331122 (base 4) in base 3?
120210210100
Convert -199334 (base 10) to base 13.
-6c965
7481c6 (base 13) to base 12
ab8682
Convert -121202012102 (base 3) to base 13.
-b7080
-1e63a3 (base 15) to base 12
-5b9983
Convert -6bc3a (base 14) to base 13.
-92993
Convert -16c06b1 (base 13) to base 14.
-da8333
-232420342 (base 5) to base 14
-1d87bc
-243121 (base 9) to base 2
-100011110011000101
Convert 10010331001 (base 5) to base 15.
cea086
1fb5e (base 16) to base 5
13124021
658c0 (base 16) to base 14
ab81a
What is 450143544 (base 6) in base 16?
7c1578
What is -22065432 (base 7) in base 5?
-441224344
1560261 (base 7) to base 5
23404411
What is 3601585 (base 11) in base 3?
102211012200101
Convert -7046267 (base 8) to base 3.
-10111020002122
445133331 (base 6) to base 7
125466205
-73313 (base 16) to base 4
-1303030103
31361341 (base 8) to base 10
6677217
What is -31446551 (base 7) in base 11?
-1562104
What is -45043 (base 7) in base 9?
-16511
What is 110101111100101101 (base 2) in base 16?
35f2d
What is -114012334 (base 5) in base 15?
-a7a64
What is 320841 (base 10) in base 6?
10513213
What is 11022211010 (base 3) in base 10?
85161
Convert -3a81 (base 15) to base 6.
-133504
What is 111021120202000 (base 3) in base 5?
3301323424
-1715b (base 14) to base 8
-161055
10721a (base 11) to base 14
4627d
What is -737b8 (base 12) in base 14?
-3d2c4
What is 1000000101011010010100100 (base 2) in base 15?
174d872
1509686 (base 11) to base 5
1130331430
What is 310133013 (base 4) in base 12?
a44b3
-10100101110010010010100 (base 2) to base 5
-2342314333
What is -121001322 (base 4) in base 3?
-12012122010
Convert -11f157 (base 16) to base 9.
-2182020
Convert -225fc (base 16) to base 10.
-140796
Convert 744432 (base 9) to base 4.
1230013220
Convert 1213232102 (base 4) to base 2.
1100111101110010010
-21342013 (base 5) to base 8
-547310
What is 200650 (base 8) in base 4?
100012220
What is -f80a38 (base 16) in base 7?
-255112154
-6502778 (base 9) to base 15
-48cd42
Convert 4323204 (base 5) to base 4.
101331102
What is 1225f9 (base 16) in base 8?
4422771
155162144 (base 7) to base 8
50041125
What is 22524360 (base 7) in base 15?
28e7dc
What is 2a561 (base 11) in base 12?
21054
Convert -17071 (base 14) to base 9.
-87156
-4a60d4 (base 15) to base 13
-97a3c2
Convert 26615625 (base 8) to base 4.
112301232111
65a2 (base 15) to base 9
32468
-29e4b (base 16) to base 12
-83377
-1d0cfd (base 16) to base 3
-10120201121200
12716333 (base 8) to base 6
141132231
What is 4b900 (base 13) in base 9?
232850
What is -121719d (base 14) in base 10?
-8663143
Convert -653c00 (base 13) to base 12.
-968a12
-827655 (base 9) to base 13
-142730
45321153 (base 6) to base 13
393a17
Convert 1816a (base 14) to base 6.
1144454
Convert -2102010022 (base 3) to base 4.
-23211302
Convert -144a2a (base 11) to base 16.
-37385
138873 (base 11) to base 15
442ea
Convert 74910 (base 10) to base 13.
28134
Convert -23232214 (base 7) to base 5.
-1010313040
3615449 (base 10) to base 15
4b639e
-4024303044 (base 5) to base 16
-7ab240
What is 127197 (base 13) in base 8?
1543267
1312201322 (base 4) to base 7
4061306
What is 10829b (base 12) in base 6?
5345515
What is 1113223301 (base 4) in base 15?
71638
11279 (base 15) to base 4
31110210
Convert -a53a3 (base 12) to base 8.
-646753
What is -226450 (base 11) in base 10?
-359909
-634345 (base 7) to base 6
-2203221
What is -425784 (base 9) in base 7?
-2104243
Convert -103301004 (base 5) to base 14.
-b8c8c
Convert 15133442 (base 6) to base 5.
113310243
Convert 630427 (base 8) to base 16.
33117
14040105 (base 10) to base 5
12043240410
-10001011001110010 (base 2) to base 11
-49612
45405 (base 10) to base 14
12793
10030d (base 14) to base 13
15b0c4
What is 100210022110 (base 3) in base 13?
6991b
11504120 (base 6) to base 11
2302a7
Convert 401b0 (base 14) to base 10.
154014
Convert 456086 (base 9) to base 14.
71925
533014211 (base 6) to base 10
9380095
What is -12310303322 (base 4) in base 7?
-21131156
2146045 (base 8) to base 12
239799
-1032540 (base 7) to base 16
-1eb73
206034 (base 7) to base 9
53863
Convert 13993a (base 16) to base 7.
13626431
-1790046 (base 11) to base 9
-5628345
Convert 361cbf (base 16) to base 11.
2002432
Convert -37409 (base 11) to base 7.
-312441
What is -100100101011001010001 (base 2) 